3 - 11*c**2. Let h(b) = 7*b**2 + b - 1. Calculate the remainder when h(-2) is divided by i(5).
4
Suppose 215*t + g = 219*t - 851, -2*g = 4*t - 842. Calculate the remainder when t is divided by 67.
11
Let r = 9750 + -9682. Suppose 2*a - 26 = 18. What is the remainder when r is divided by a?
2
Suppose 0 = -31*p + 350 + 704. What is the remainder when p is divided by 9?
7
Let b(i) = -i + 79. Calculate the remainder when b(-28) is divided by 37.
33
Let u be (-6)/((-6)/(-4)*(-16)/(-12)). Let f(n) = -6*n - 8. Let h = 24 + 5. What is the remainder when h is divided by f(u)?
9
Suppose 18*m = 5*m + 3835. Calculate the remainder when m is divided by 37.
36
Suppose 14 = 2*l - r, 7 = l - 5*r + 18. What is the remainder when l is divided by 9?
0
Suppose 2*n + 3*w + 1 = 0, n - w - 5 = 7. Suppose j - 2*v = 49, j + v - n = 33. Calculate the remainder when j is divided by 23.
20
Let k = -347 + 959. Calculate the remainder when k is divided by 14.
10
Let z(a) = -6*a**2 - 127*a - 1. Calculate the remainder when 157 is divided by z(-21).
17
Suppose -3*k = -5*k - 2. Calculate the remainder when k/(0 + (-2)/54) is divided by 7.
6
Suppose 22 = 4*i - 5*j, -i + 5 = -0*i - j. What is the remainder when (35 - -2 - -1) + -1 is divided by ((-3)/12)/((-4)/(i + 205))?
11
Suppose -11*n + 18*n - 126 = 0. Calculate the remainder when ((-3)/(-2))/((-17)/(-578)) is divided by n.
15
Suppose 2*f + 4 = 18. Suppose -q - f*i + 2*i + 27 = 0, -4*i = 2*q - 60. Calculate the remainder when 93 is divided by q.
29
Let u be 2 - 6 - (-286)/2. Let c = -91 + u. Calculate the remainder when c is divided by 13.
9
Suppose 188 = -13*y + 17*y. What is the remainder when 123 is divided by y?
29
Let m = 151 + -27. Calculate the remainder when m is divided by 35.
19
Let h be (-16)/(-2) - (3 + 0). Suppose h*g - 200 = -15. What is the remainder when 146 is divided by g?
35
Let s = -29 + 13. Let o be 6/(-12)*(2 + s). Let k(r) = r**2 - r. What is the remainder when k(o) is divided by 15?
12
Let b = -10 - -12. Let f be b + ((-16)/4 - -30). Let c = f - -25. Calculate the remainder when c is divided by 14.
11
Suppose -c + 3 = 1. Let r(b) = -b**3 - b**2 + 3*b + 9. What is the remainder when r(-3) is divided by 2/c + -3 + 12?
8
Let x be -2 - 1/((-2)/66). Let c = 35 - x. What is the remainder when 5 is divided by c?
1
Let l(h) = 6*h**2 - h + 1. What is the remainder when l(2) is divided by ((-16)/(-48))/(1/24)?
7
Let f be 2/4*6 - -28. Let o = f + -27. Let l = 3 + -1. Calculate the remainder when o is divided by l.
0
Let s be 44/6 - 88/66. Suppose 0 = s*d + d - 28. Calculate the remainder when d is divided by 2.
0
Suppose -8*f + c + 41 = -5*f, c + 71 = 5*f. What is the remainder when 102 is divided by f?
12
Let k(g) = 3*g**3 - g**2 + 2*g - 2. Let v be k(1). Suppose 5*c = -3*l + 84, -4*c + 4*l + 2 = -78. What is the remainder when c is divided by 10 - (24/4)/v?
4
Let c = -60 - -134. Let v = -1 + c. What is the remainder when v is divided by 15?
13
Suppose 10 - 22 = -3*a. Suppose -a*g + 4*c = -6*g + 2, -4*c = 0. Let o = 6 - 2. Calculate the remainder when o is divided by g.
0
Let w(l) = 6*l**3 - 35*l**2 - 2*l - 6. What is the remainder when w(6) is divided by 5?
3
Let m = -20 + 38. Suppose 2*b - 2 = -18. Let t = m - b. Calculate the remainder when 77 is divided by t.
25
Let r = -2 + 5. Let m(p) = -2*p**2 - 2*p**3 + 2 - p - r + 2*p. What is the remainder when 12 is divided by m(-2)?
2
Suppose y + 38 - 43 = 5*l, -l = -1. Calculate the remainder when 48 is divided by y.
8
Suppose 4*u + 4*h + 0*h = 12, 0 = 5*h + 10. Let l = u - -9. What is the remainder when 40 is divided by l?
12
Let d = 9781 + -5573. Suppose d = 15*g + g. What is the remainder when g is divided by 44?
43
Let g = -1053 - -1074. Let w = -2 - -6. Suppose -195 = -w*z - z. Calculate the remainder when z is divided by g.
18
Let t(z) = -5*z + 1. Let k(l) = -44*l + 8. Let i(u) = -3*k(u) + 28*t(u). Calculate the remainder when i(-3) is divided by 8.
4
Let o(b) be the third derivative of -b**6/120 + b**5/15 + b**4/3 + b**3/2 + 5*b**2. Calculate the remainder when 62 is divided by o(5).
8
Suppose 2*f - 4*f = -298. Let c(v) = -6*v - 17. Let s be c(-20). Let n = f - s. What is the remainder when n is divided by 12?
10
Let a(z) = 6*z**2 - 3*z + 2. Let u be a(1). Suppose 77 = 4*i + 4*p + p, 3*i + u*p - 54 = 0. Calculate the remainder when i is divided by 8.
7
Suppose 0 = 5*y + 2*r + 3*r - 35, -3*r = -3*y + 21. Suppose 2*h - 2*b = 27 - y, -h + 5*b = -30. What is the remainder when 21 is divided by h?
1
Suppose 3*m = 6, -2*l + l + 7 = 2*m. Let w = 2 + -1. What is the remainder when 4 is divided by 4 - (l + (-2)/w)?
1
Let o = 3 - -15. Calculate the remainder when 43 is divided by (20/(-8))/((-3)/o).
13
Suppose -3*w - 3*p + 81 = -0*p, 2*w + 4*p - 52 = 0. Calculate the remainder when 73 is divided by (-1)/((-28)/428) + (-8)/w.
13
Let k(t) = -t + 9. Let m(w) = w**3 - 6*w**2 + 4*w + 7. Let l be m(5). Let c be (-45)/(-6) + (-3)/l. What is the remainder when 10 is divided by k(c)?
1
Suppose 0 = 5*r + 5*z - 60, 0 = 3*r - 5*z - 6 - 14. What is the remainder when 33 is divided by r?
3
Let h be 0 - (6 + -3 + 4). Let u = 16 + h. Calculate the remainder when 24 is divided by u.
6
Let h = -412 - -477. What is the remainder when 129 is divided by h?
64
Let v(w) be the second derivative of -5*w**4/12 - 25*w**3/3 + 8*w**2 + 10*w. Calculate the remainder when v(-10) is divided by 5.
1
Suppose 0 = -10*b + 155 + 1405. What is the remainder when b is divided by 2/(-4) + (-33)/(-2)?
12
Let l(u) = -23*u**3 + u**2 + u + 1. Let z be (-4)/(-8)*-2*1. Let i be l(z). Suppose s = 4*x + i, 3*x + 15 = -2*x. What is the remainder when 46 is divided by s?
10
Let c = 2868 + -2495. Calculate the remainder when c is divided by 125.
123
Suppose -o = -2*j - 12, -6*o - 5*j = -2*o + 4. Suppose 3*l = o*c + 50, -2*l + 5*c + 0*c = -38. What is the remainder when 32 is divided by l?
4
Let f(h) = 55*h - 378. What is the remainder when f(9) is divided by 7?
5
Let i(m) be the second derivative of m**4/4 - m**3/2 + 7*m**2/2 - 19*m. Calculate the remainder when i(3) is divided by 15.
10
Suppose 0 = -2*z - g + 7, z + z - 4*g - 2 = 0. Suppose 11 = 2*o + 5*r, -3*r = -z*o + 5*o - 13. Calculate the remainder when 69 is divided by o.
5
Let u(o) = 6*o + 83. Calculate the remainder when 66 is divided by u(-11).
15
Let d = 948 + -885. Calculate the remainder when d is divided by 11.
8
Let k = -10 - 5. Let x = k + 14. Calculate the remainder when 40 - x - (0 + 0) is divided by 22.
19
Let y = -8 - -8. Suppose y*q - q - 149 = -2*b, -295 = -4*b + q. Suppose -4*h + 15 + b = 0. Calculate the remainder when h is divided by 12.
10
Suppose r - 6*r = 0. Suppose w - 2 - 3 = r. Suppose -39 = -3*l + 3*q, w = 3*l - l + 5*q. What is the remainder when l is divided by 6?
4
Suppose 0*x + x + 83 = 3*r, 0 = 3*r + 4*x - 88. Suppose -14*t = -10*t - r. Calculate the remainder when t is divided by 6.
1
What is the remainder when (78/12 - 6)*70 is divided by 19?
16
Suppose f = -5*u + 243, u - 38 = -5*f + 1. Calculate the remainder when u is divided by 11.
5
Let b(k) = -14*k - 415. What is the remainder when 113 is divided by b(-31)?
18
Let o = -16 - -21. Suppose -z + 3*z + v = -12, -20 = o*v. Calculate the remainder when z/(-22) + 6526/286 is divided by 13.
10
Let i(x) be the third derivative of x**4/8 - x**3/6 + 15*x**2. Suppose -5*j + 13 = -17. Calculate the remainder when i(8) is divided by j.
5
Suppose 0 = 19*z - 16*z + b - 31, 5*b - 29 = -z. What is the remainder when 48 is divided by z?
3
Calculate the remainder when 315 is divided by (-27)/(-36) + ((-543)/4)/(-3).
39
Suppose 532 = 11*m + 8*m. Calculate the remainder when 74 is divided by m.
18
Let v be (-3 - -1) + 12/4 + -3. What is the remainder when 41 is divided by 7 + -6 - 40/v?
20
Suppose -6*w + 0*w + 18 = 0. Calculate the remainder when (-3)/((-9)/w) + 46 is divided by 12.
11
Let q(c) = -10*c + 199. Calculate the remainder when q(15) is divided by 14.
7
Suppose -q - 1 = -x + 4, 3*q - 20 = -4*x. Let g(l) = l**2 + 8*l + 4. Suppose -12*b = -11*b + 8. What is the remainder when x is divided by g(b)?
1
Let n(z) = z**3 + 11*z**2 - 12*z + 3. Let o be n(-12). Suppose 2*w - 21 = -o*l + 3, 4*w = 3*l + 66. What is the remainder when 58 is divided by w?
13
What is the remainder when 382 is d